. Let h = -270 - y. Is h a composite number?
False
Suppose -2*n + 17750 = -5*z, -35532 = -5*n + n + 2*z. Is n composite?
True
Suppose 4*u - 2 = 3*u. Suppose -6 = u*x, 3*q + x + 3*x - 525 = 0. Is q composite?
False
Suppose 5*m - 2763 = 3*p + 3*m, m - 922 = p. Let n = p - -1568. Is n a prime number?
False
Suppose -5*k - 2*x = -120, 2*k + 4*x - 48 = 6*x. Let i be 2/((-12)/(-26))*k. Suppose i = g + 5*a, -3*g + 187 = -5*a - 225. Is g a composite number?
True
Suppose 0 = 8*b - 15*b + 77077. Suppose 5*l = 4*a - a + 11009, 5*l - 2*a - b = 0. Is l a composite number?
False
Suppose -4*n = 3*z - 20329 + 4872, -z + 2*n + 5139 = 0. Is z a prime number?
True
Is ((-2552289)/114)/((-3)/6) a composite number?
False
Let w(a) = 30*a - 5*a**3 - 3 + 20*a**2 - 1 - 3*a + 4*a**3. Is w(21) composite?
True
Let p(m) = m + 2. Let f be p(0). Suppose -14*a + 888 = -8*a. Suppose -f*q = -0*q - a. Is q a composite number?
True
Let a(i) = -i**2 + 11*i - 1. Let p be a(10). Let h(m) = m**2 - 10*m + 11. Let u be h(p). Is -1 + u - -2 - -514 composite?
True
Let t(w) = w**3 - 3*w**2 - w + 6. Let u = -25 + 50. Suppose 5*p = 10*p - u. Is t(p) a composite number?
True
Suppose 2 = 3*z - 1. Let n be (-12)/18*(-6)/z. Suppose -253 - 223 = -n*r. Is r composite?
True
Suppose 3031 = 2*h + z, 8*h - 3*h + 2*z = 7575. Is h composite?
True
Suppose 3*k - 48 = k. Suppose l = -2*l - k. Is (-8)/l*(210 - -1) a composite number?
False
Suppose 16*a = 20*a + 1496. Let l = -261 - a. Is l composite?
False
Let z(w) = 2*w**2 - 37 + 3*w + 0*w**2 - 14*w - 3*w. Is z(16) a composite number?
False
Suppose 13*f - 9*f - 2588 = 0. Is f prime?
True
Let v(u) = -78*u - 49. Is v(-20) a composite number?
False
Suppose 0 = -13*z + 8*z + 17455. Is z a prime number?
True
Is 1/2*(9 - -1) - -774 prime?
False
Suppose w = -w - 10. Let p(k) = -2 - 1 - 25*k + 5. Is p(w) composite?
False
Suppose -9*y = -37 + 1. Suppose 4*x = q + 283, 2*q - 215 = -y*x + 71. Is x a prime number?
True
Let d(j) = 17*j**2 - 9*j + 5. Let o be d(6). Let s = o - 1225. Let w = -468 - s. Is w a prime number?
False
Let q(u) = 141*u**3 - 6*u**2 - 4*u + 9. Let r(t) = -t**3 + t**2 + t - 1. Let p(s) = -q(s) - 6*r(s). Is p(-2) a prime number?
False
Let u = -13520 + 32481. Suppose 4*q = 5*a - u, 3*a + 2*q = 5*a - 7584. Is a a prime number?
True
Let k(q) = -2*q - 3. Let a be k(5). Let d(b) be the third derivative of -3*b**4/4 - 19*b**3/6 - 10*b**2 - 2*b. Is d(a) prime?
False
Let g be (-16)/72 - 110441/(-9). Suppose g = 3*c - y, 4*c - 8174 = 2*c + 4*y. Is c a prime number?
True
Let y(g) = -25*g + 1. Let s be y(-17). Suppose -3*q + s = 3*q. Is q composite?
False
Is ((-24)/18)/((-28)/381549) a prime number?
True
Let a(c) = c**3 + 45*c**2 + 16*c - 103. Is a(-20) a prime number?
False
Suppose -4*f - 4 = 0, s - 7*f = -2*f + 3824. Suppose -s = -2*o + m, -4*m + 9515 = -0*o + 5*o. Is o a prime number?
True
Let a(m) = m**3 + 3*m**2 - 4*m + 1. Let v be a(-3). Suppose 2*p = -3 + v. Suppose 157 = p*q - 108. Is q prime?
True
Let f = 479 + 1302. Is f a composite number?
True
Suppose -55*w + 59*w = 0. Is 369 + (2 - (w + -2)) composite?
False
Suppose -46*q + 21768 = -34*q. Is q composite?
True
Let k(d) be the first derivative of -171*d**2 + 5*d - 21. Is k(-2) prime?
False
Let b(p) = -26*p + 13*p + 14*p - 12. Let r be b(8). Let k(u) = -21*u + 5. Is k(r) prime?
True
Let x(o) = -14*o**3 + 73*o**2 - 32*o - 26. Is x(-17) a prime number?
True
Let h = -7750 - -84621. Is h a composite number?
False
Suppose 0 = 17*k - 14*k. Suppose 11*p + 2*p - 40313 = k. Is p a prime number?
False
Let t(p) = p**3 - 9*p**2 + 4*p. Let i be t(9). Suppose d - 2*r + i - 587 = 0, 4*r = -5*d + 2685. Is d composite?
False
Suppose 0 = 8*d - 4*d - 6368. Suppose 4*q = -4*k + d, -4*k - 784 = -2*q - 2*k. Is q a prime number?
False
Let u(c) = -245*c - 13. Let n(f) = -2*f + 1. Let j(k) = 5*n(k) + u(k). Is j(-3) a prime number?
True
Suppose -3*t + 24 = -0. Let i = 16 - t. Suppose i*s - 381 = 5*s. Is s composite?
False
Let g(t) = 6*t**2 + 2*t - 5. Let c(h) = 3*h**2 + 4*h + 2. Let v be c(-2). Is g(v) a prime number?
True
Let u = 20 + -13. Suppose 108 + 256 = 13*g. Suppose r - u = g. Is r composite?
True
Suppose 0*f = s + 5*f - 16579, -4*s = 5*f - 66391. Let b be (s/8)/7*-2. Let c = b - -850. Is c a prime number?
True
Let h = -7904 + 12475. Is h a prime number?
False
Suppose 0 = 8*q - 3*q + 5. Is q/((-4084)/1361 + 3) a composite number?
False
Let p(d) = -d**3 - 20*d**2 - 19*d - 4. Let n be p(-19). Let q(y) = 51*y - 2. Let z(c) = -52*c + 2. Let u(v) = n*q(v) - 5*z(v). Is u(8) prime?
False
Let c = 7878 + -5111. Is c prime?
True
Let z(m) = -m + 16. Let y be z(12). Suppose -12 = y*a - 0, v + 5*a - 82 = 0. Is v a prime number?
True
Is (6/(-5))/3 + 579989/85 a prime number?
True
Let l(d) = -d**2 - 12*d - 5. Let i be l(-10). Suppose -4*z = z - i. Suppose z*b - 245 = -2*b. Is b a prime number?
False
Suppose 0*c - 7383 = -3*c. Let q = c - -842. Is (2/3)/(6/q) a composite number?
False
Let n(c) = -c**3 + c + 14. Let a be n(0). Let h(p) = -5 - a*p - 10*p - 15*p + p. Is h(-6) a composite number?
False
Let z(y) = y + 7. Let r be z(-4). Suppose -g - q = -1720, -2*g + 4*g - r*q = 3445. Let b = g + -256. Is b composite?
True
Is (-2 - -4 - -7745) + 1 + 5 composite?
False
Suppose -5*f + 96458 = 12*f. Is f a prime number?
False
Let a(k) = -k**3 + 3*k**2 + 3*k - 5. Let z be a(3). Suppose 0*s - 2212 = -z*s. Is s a composite number?
True
Let q(g) = 30*g - 41. Let f be q(12). Suppose 3*p = -a + f, -4*p - 2*a + 427 = a. Is p a composite number?
True
Let r(k) = 82*k - 7. Let x be r(-7). Is -2*(x/2)/1 a prime number?
False
Let u = 7 + -5. Is (-5 + -3686)/(u - (0 + 3)) a prime number?
True
Suppose 1080 = b - k, 5*b - 2*k + 0*k - 5415 = 0. Suppose 3*c = -5*h + b, c + 3*c = 0. Is h a composite number?
True
Let m = 227113 + -115536. Is m a composite number?
False
Suppose -2*r + 2*v - 15 = -r, 5*r + 145 = -4*v. Let y = -10 + 0. Is 4/y - 4185/r composite?
False
Suppose -3*k = -6, 2*k - k = 2*v - 26604. Is v a prime number?
False
Suppose 3765 = -5*m - 5*l, -2*m - 759 = -m - 5*l. Suppose -f - 13 = 3*c, c = -5*f - 16 - 7. Is m/c - 8/24 prime?
True
Suppose 539 - 11368 = 13*i. Suppose -g = 5*a - 1856 - 4563, a - 3*g = 1287. Let x = i + a. Is x prime?
False
Suppose 4*q + 2*f - 22594 = 3284, 3*q - 19405 = 2*f. Is q a prime number?
True
Let b = 15 - 13. Suppose v + b*i = -3 + 1, -i + 17 = 5*v. Suppose v*t - 279 = 109. Is t a composite number?
False
Let u = -9404 + 13393. Is u a prime number?
True
Let a(u) be the third derivative of -3*u**4/2 - 31*u**3/6 - 13*u**2. Is a(-9) a prime number?
True
Suppose -410 = -2*h + 4*u, -3*h - u = h - 811. Let i = h - 338. Let x = i - -298. Is x a prime number?
True
Suppose -m + 3*l + 30344 = 0, m = l + 3101 + 27233. Is m composite?
True
Suppose -3*g + 3 = -2*g. Let r be 3/g + 2 - 1. Is (-370)/r*(-10)/25 a prime number?
False
Let q = 14 - 14. Suppose -2*b + 6 = -q. Suppose -2*p - p = -5*v + 310, -3*v + 186 = -b*p. Is v a composite number?
True
Suppose 3284 - 3394 = -2*y. Is y prime?
False
Let q(z) = -z**3 - 6*z**2 + 7*z + 3. Let n be q(-7). Suppose -n*j - 3*u + 6141 = 0, -j - 2043 = -2*j - 2*u. Is j a composite number?
True
Is 582 + -1 + 0/(-2) composite?
True
Let d(w) = 81*w**2 + 12*w + 523. Is d(-24) composite?
True
Is 108450/42 + -3 + 3/(-21) composite?
False
Let p = -12 + 15. Suppose -2*q + p*l + 157 = 0, 5*q - 2*l - 333 = 76. Is q composite?
False
Let g = 997 - 201. Suppose 2*i = 6*i - g. Is i prime?
True
Let d(i) = 80*i**2 - 1. Let l(u) = -7*u - 8. Let k(c) = -13*c - 17. Let a(g) = -6*k(g) + 11*l(g). Let v be a(-13). Is d(v) prime?
True
Let h(q) = -2*q**3 - 6*q**2 + q - 2. Let p = 17 - 12. Let g be h(p). Let a = -278 - g. Is a a prime number?
False
Let j(c) = 8*c + 10*c**2 - 7*c + 4 + 3 - 13*c. Is j(14) a composite number?
True
Let x = -1341 + 2326. Is x composite?
True
Let p(o) = -96*o + 2. Suppose -2*i + 5*i - 21 = 0. Let x be p(i). Is (-2)/3 + x/(-6) a prime number?
False
Let s be 0 + -2 + 5 - -2664. Suppose l = 4*l - s. Is l prime?
False
Let l be (12/10)/(1/5). Let w be 4/18 + 106743/189. Suppose -l*a = -a - w. Is a composite?
False
Is (-4 - (-8)/1) + 4845 composite?
True
Let z = -145 - -1138. Is z composite?
True
Suppose 69*y - 62*y - 59227 = 0. Is y a prime number?
True
Let c(w) = 2*w**2 + 3*w - 268. Is c(-17) pri